
Calculate (-19 - 0) + 1018 + -994 + 21.
26
Evaluate 1 - (-6 + 3 + -5) - (-12 + -18 - 1).
40
195 - (-13 + 88) - 69
51
-26 - ((34 - 18) + -51) - 17
-8
Evaluate 94 + -94 + -14 + (-1 - -5).
-10
What is the value of (23 - (-32 - (0 + -85))) + -26?
-56
What is -154 + 98 + 10 + 11?
-35
What is the value of 2 + (-2 - 2) + -194 + -28 + 153?
-71
What is the value of -9 + (61 - -17) + -24?
45
13 + (4 - -4 - (-35 - -12 - -17))
27
(2 - 11) + (3 + 0 - -32) + -13
13
What is (-43 - (-11 - 16) - 12) + 46?
18
What is -6 - (-8 - -1) - (0 - 1 - (-16 - 81))?
-95
What is (10 - 26) + 7 + -63 + 46?
-26
3 - (17 + (2 - (29 - 18)) + -13)
8
What is (69 - 96) + (74 - (17 + -38))?
68
What is 831 - 782 - (-2 + 24)?
27
What is (-27 - (-16 - (1 + 7) - -8)) + 16?
5
-1 + 8 + (6 - 4) + (-11 - -42)
40
-1 - 26 - (-1745 + 1718)
0
Evaluate (0 - -49) + (17 - (-3 + 6 - -6)) + 0.
57
Evaluate -479 + 485 - (0 - (-6 + 1 + 2 + 44)).
47
Evaluate -2 + 18 + -1 + -23 + -63 + 19.
-52
Evaluate 12503 + -12415 + (0 - 110).
-22
What is the value of (-2 - 9) + (203 + -186 - -51)?
57
What is 4 - -2 - (71 + -34 + (25 - 5) + 10)?
-61
Calculate 24 - (1 - -24 - (-518 - -547)).
28
-133 - -37 - (504 + -564)
-36
-9 + (49 - 3 - (-48 + 23 - -10))
52
What is the value of 1 + -16 - (-4 + (27 - 2) - -92)?
-128
(-10 - -15 - (-37 - -6)) + -18
18
Calculate 99 + -29 + (-12 - (-16 - -25)).
49
Calculate -13 + 22 + (6 - 8 - 3) + -46 + 0.
-42
Evaluate (2 - (1 - 42)) + (-552 - -535).
26
What is the value of (54 - 93) + 59 + (-33 - -3)?
-10
Calculate -171 + 230 - (81 + 0).
-22
Calculate -129 + -17 + (-27 - -32 - -46).
-95
Calculate -5 + -2 + -1 + 1 + (-1281 - -1269).
-19
Evaluate (-4 - 3 - -4) + 5 - (574 - 584).
12
(-156 - (-1 - 28)) + (1 - (-2 - (6 - -1)))
-117
Evaluate (10 - (-6 - -23) - 2) + (73 - -12) - 2.
74
Evaluate -32 + (17 - (3 - (29 + -57))).
-46
(-1 - 0 - (24 + (-104 - -69))) + (2 - -33)
45
Evaluate -23 + 18 - (7 - (2 + -1 + 10)).
-1
Calculate -9 - (4 + -3 + -1 + 0 - 14).
5
Evaluate 3094 + -2955 + -2 + -44.
93
Evaluate 3 + 6 + 11 + -103 + 17 + 0.
-66
Evaluate -1 - (-79 + (15 - 24) + 39).
48
Calculate -25 - (17 - -15 - 31).
-26
5 + (-13 - 5) + (3 - -2) + 31 + -2
21
4 + (-22 + 25 - -10 - 12)
5
What is the value of (-264 - -252) + (-3 - 65) + 8 + -2?
-74
What is (14 - 89) + 67 + 2 + -28?
-34
-15 + 56 + -4 + 0 + (9 - 15)
31
Evaluate -29 - 41 - -40 - -14.
-16
What is the value of -28 - (-93 - (115 + -232))?
-52
What is 100 - (-25 + -13 + 226)?
-88
What is -8 + -11 + (-2 - -26) - (-17 + 4)?
18
Evaluate -10 + (-6 - ((-3 - -11) + -12 + -13 + -7)).
8
What is the value of (4 + -7 - -4) + 5 + 11 + 5?
22
What is -11 - (-1 + (-18 - 7)) - 2 - (0 - -43)?
-30
-335 + (184 - -203) - (1 - 2)
53
(-21 - (-47 + 19)) + (-22 + -1 - (-7 - -8))
-17
Evaluate -10 + 133 + (-191 - -126).
58
37 + 2 + (-14 - 2) - (1 + 0)
22
52 - (-55 - (23 - 101))
29
What is the value of -10 + (2 - 1) - (12 + 2 + 135 + -49)?
-109
Evaluate 3 + (3 - 7) + -23 - 10.
-34
What is the value of 85 - 18 - (88 - 49)?
28
What is the value of (1 - 2) + 164 + -318 + 150?
-5
-82 + 214 + -178 + 88
42
Calculate (2 + -4 - (2 - 6)) + -5 + 73 + -21.
49
4 + 0 + (49 - 59) - (3 + 10)
-19
What is 7 + -7 + -1 + -8 + -5 + -4?
-18
-99 + -24 + 112 + (-2 - (5 + -2))
-16
What is 15 + -5 - (166 + -42 + (-1 - -9))?
-122
Evaluate (-10 - (-9 + 3)) + (10 - 6 - 24).
-24
Evaluate (179 - 176) + 7 + -3 + 66 + -12.
61
Evaluate 184 + -77 + -258 - -100.
-51
What is the value of -7483 + 7491 + (0 - -58)?
66
Evaluate 34 - (-5 + 28 + -11 - -6).
16
What is the value of 193 - 286 - (-28 + -4 + 4)?
-65
What is the value of 79 - 117 - 112 - (-19 - 16)?
-115
What is 4 + 5 + -1 + 49 + (60 - (42 - -21))?
54
What is ((8 - 3) + -9 + -10 - -10) + 81?
77
What is 12 + (37 - (34 - 12)) - 14?
13
Calculate -1 + -95 - (250 + -276 - -4).
-74
What is the value of -12 - 46 - (-100 + -21)?
63
Evaluate 60 + -1 - (0 + 19 - (-332 - -337)).
45
Calculate -1 + 6 + -11 + 8 + -1 - (-78 + 95).
-16
What is the value of 58 - 14 - (-27 + (51 - 31))?
51
What is the value of -16 + 10 + -1 + 2 - 24?
-29
Calculate 35 + 51 - (-29 - -73).
42
Evaluate -2 + 2 + -14 + 7 + 2 + -17.
-22
Evaluate 3 - ((0 - 30) + 46).
-13
What is the value of 7 - (((-30 - -8) + -30 - (-10 + 2)) + 1)?
50
What is (-247 - (-269 - 52)) + (2 + -2 - (0 + -13))?
87
What is the value of 3 + -18 + 4 - (-28 + (25 + -10 - 9))?
11
Calculate 5 + (23 - 0) + (569 - 571).
26
Calculate (5 + -2 - -114) + (-6 - 13) + 17 + 2.
117
What is -1 - -4 - (22 - (23 - 43 - -16))?
-23
Evaluate 0 + 5 + (57 - (40 + 8)) + -61.
-47
What is the value of 127 + (103 - 285 - -131)?
76
-40 + (2 - (0 + -6 - (-5 + 3)) - -3)
-31
Evaluate 74 + -3 + (3 - (-8 + 34 + -16)).
64
What is -18 - -8 - (-37 - (2 + 15 - 4))?
40
What is the value of (0 - 70 - (-308 + 295) - 15) + 14?
-58
Calculate -1 + 21 + 1 + (52 - -11) + -54.
30
What is (-15 - -73) + -110 - -48?
-4
Evaluate 16 - ((3 - (-4 + 19)) + (-16 - -11 - -8)).
25
Calculate ((5 - 62) + 1 - 4) + (254 - 237).
-43
Calculate -9 + 1 - (45 - (22 - 2) - 67 - -22).
12
Evaluate 28 - (9 - (12 - 104 - -8)).
-65
Calculate -9 + -57 + 39 + 7.
-20
Calculate 2 + 2 + 0 + (3340 - 3387).
-43
Calculate 39 - (7 - -24) - (-39 - -22).
25
31 + -28 + (-7 - 2) + 3 + 0 + 51
48
Calculate (50 - -15) + (11 - (-46 - -29)).
93
0 + 2 - (-4 - -1) - (-28 + 40)
-7
What is 71 + -25 - (-118 + 129)?
35
Calculate (0 + -1 + 4 + 15 - 94) + 8.
-68
Calculate 22 + 27 + (3 - 87) + 21.
-14
7 - (-12 + -7 + 3 + (1 - -17) - 60)
65
What is -8 + (-15 - 59 - -169)?
87
Calculate 45 + (-79 - -20 - -26).
12
What is (-1838 - -1834) + (-1 - -8)?
3
Calculate -321 + 338 + (2 - 5) + (58 - -5).
77
(2 - -24) + (44 - (-18 - -56))
32
What is 74 + 222 + -148 + -141?
7
What is (-3 - 35) + (-2 - 0) + (619 - 621)?
-42
1 + -27 + 38 + (3 - 2) - -34
47
(-2 - -1) + 0 - (10 + -9 + 44 + -73)
27
What is 8 + 5 + -8 + (-1 - -3) + -1 + 44?
50
-38 - (-53 + (0 - -42))
-27
Calculate (-13 - (3 + 5)) + (-89 - -89).
-21
Evaluate (3 - -6) + -21 + (4 - (-1 + 1 + 2)).
-10
Evaluate -83 + (104 - (-62 - -37)).
46
Calculate (0 - -2 - 0) + -4 + (-108 - -38) + 24.
-48
What is the value of (-2 + -3 - -4) + -111 + (138 - 150)?
-124
What is the value of 66 - (6 - (-7 + 16) - -8) - 10?
51
What is (24 - (66 + -10)) + -15?
-47
-28 + 4 + (165 - (60 + 8))
73
Evaluate 7 + (-140 - -104 - (-10 + -1)) - (2 - 11).
-9
5 + -43 + (-5 + 18 - -17)
-8
Evaluate 16 - 8 - 8 - (-4 - -7 - -25).
-28
Evaluate 1 - (0 + 3 + 5 + -4 + 10).
-13
-6 + -2 - (142 + -288 + 100)
38
What is -48 + (38 - (-24 + 59)) + 5 + (2 - 0)?
-38
What is -6 + 71 - -6 - (2243 - 2232)?
60
What is the value of (-30 - (-10 + -17)) + 39?
36
Evaluate -189 + 167 + 42 + 21 + 1.
42
What is 47 - (-5 - (-83 + -6))?
-37
What is the value of (10 - -1 - ((-9 - -10) + -26)) + (8 - 5)?
39
What is the value of 29 + (12 - 109 - -50 - -25)?
7
What is (2 - (4 + 1 + -2)) + 4 + (-7839 - -7947)?
111
What is 2 - (30 + -7) - (82 + -71)?
-32
What is the value of (-13 + 9 - -15) + -13 + 77 + -11?
64
-35 - 2 - (-281 + 264)
-20
What is (30 - (-31 - (2 + -10))) + -6?
47
Calculate (80 + -55 - -34) + (-2 - (0 - -6)).
51
Calculate 89 - 2 - (-12 + (-8 - (-36 - (-15 - 4)))).
90
What is the value of 0 - 0 - ((-29 - 1) + -320 + 445) - -9?
-86
What is the value of (-48 - -65 - 18) + 4?
3
What is 14 + (-1 - (2 + -1 + 8 - 13))?
17
Calculate (-39 - (5 + -6)) + (-1 - -10) + 4.
-25
Evaluate -22 + (19 + -98 - 0) + 35.
-66
What is -110 + (-41 - (-37 - -9)) + (23 - 5)?
-105
Evaluate 9 - (4 + (-1 - 15 - -9) + -16).
28
-306 - -285 - (-36 - (9 + -1))
23
What is the value of -41 - (12 + 3 - 2 - 30)?
-24
Calculate -208 + (369 - 162) + 52 + 1.
52
What is (-1 - 13) + (-56 + 106 - 54)?
-18
What is the value of -3 + 1 + -44 + -3044 + 3040?
-50
What is 30 - (-7 + (21 + -9 - -9))?
16
What is the value of 69 + 2 - 55 - 68?
-52
What is (0 - 4 - (24 + -29)) + -80 + -10 + 20?
-69
Calculate 62 + (-5 + 2 - (520 - 503)).
42
205 + -209 + (-3 - (-7 + 1 + 8))
-9
Calculate -11 + 0 + ((4 - 42) + 20 - 18) + 24.
-23
Evaluate 0 - -20 - (-80 + 9 - -57).
34
What is -43 + (61 - -23) + -19?
22
(-9 + 6 + -1 + 2 + 2 - 1) + -5
-6
(15 - (-4 + 25 + -13 + 10)) + 36
33
Calculate (7 - 15) + -20 - (77 - 77).
-28
-71 - -71 - ((52 - 42) + (-1 - 41))
32
Evaluate -97 + (17 + -25 + 48 - 13).
-70
What is the value of (7 - 0) + (-3 + -14 - ((38 - 50) + 48))?
-46
Evaluate (-54 + 39 - 89)